. What is the tens digit of 2217/39 + 1 + y/26?
5
Let j be 3 + (985 - (3 - (-1 - -6))). Suppose -4*q + j = 2*w, q + 4*q + 467 = w. What is the hundreds digit of w?
4
Let l = 1463 + 9726. What is the thousands digit of l?
1
Suppose 3*u + 92*w - 93*w - 1459 = 0, 972 = 2*u - w. What is the units digit of u?
7
Let y be (-22)/(528/(-18)) + 5/4. Suppose -y*s = -t - 576, 3*s + 77 = -3*t + 959. What is the hundreds digit of s?
2
Let g = 17 - 15. Suppose -3*m + 194 = -5*a, 2*a = -0*m - g*m + 156. Let x = m - -38. What is the hundreds digit of x?
1
Suppose -30*j + 33*j + g - 212738 = 0, 2*g - 70911 = -j. What is the thousands digit of j?
0
Suppose 190 = -2*u + 68. Let r(l) = -117*l**2 - l. Let d be r(-1). Let z = u - d. What is the tens digit of z?
5
Let s be 42/(-189) - (-1415)/9. Let o = s + 493. What is the tens digit of o?
5
Let c(q) = -3*q + 57. Let a be c(23). What is the units digit of -54*(-4 + 90/a)?
1
Let n(k) = 4850*k + 1095. What is the ten thousands digit of n(4)?
2
Let v = -3 + 11. Let w(f) = 21*f**2 - 4*f + 3*f + 19 - 22*f**2 - 1 + 7*f. What is the units digit of w(v)?
2
What is the units digit of (-117)/6*(12 - 8 - 6736/6)?
4
Let a(c) = 7*c - c - 2 + 2*c - 4*c. Let n be -6*1/(-2)*1. What is the units digit of a(n)?
0
Let d(h) = h**3 - 6*h**2 - 6*h - 71. Let u be d(12). Let j = u + -665. What is the tens digit of j?
5
What is the ten thousands digit of ((-375958)/(-207)*-3)/(1/(-3))?
1
Let c be (-7)/28 + 139/(-4). Let l(z) = z**2 + 16*z - 235. What is the tens digit of l(c)?
3
Let q(t) = 4*t**3 + 3*t**2 - 8*t - 3. Let z be q(7). Suppose 33*k - 28*k = z. What is the hundreds digit of k?
2
Let h = -210 + 390. Suppose 5*s + h = s. Let z = 220 + s. What is the units digit of z?
5
Let v = 986 - 614. What is the tens digit of v?
7
Suppose 4*y = -3*z - 6, 5*z = 5*y + 10*z + 10. Suppose y = 28*a - 35*a + 2898. What is the hundreds digit of a?
4
Let q be ((-11)/(-33))/(2/18). Suppose 0 = -q*w + 3*m + 5 + 4, w + 5*m = -3. Suppose 0 = -w*s + 392 + 16. What is the tens digit of s?
0
Let t(f) = -f**2 + 6*f + 68. Let l be t(-11). Let u = 175 + l. What is the tens digit of u?
5
Suppose 100972 = 5*d - 21803. What is the ten thousands digit of d?
2
Let c = 39844 - 8913. What is the units digit of c?
1
Let x = 0 + 0. Let k(r) = 23*r**2 + 98*r - 25. Let j be k(-7). Suppose -69*d + 67*d + j = x. What is the hundreds digit of d?
2
Suppose 94*c - 663674 = 395330. What is the hundreds digit of c?
2
Let g be ((-6)/(-4))/((-3)/906). Let d = g - -1218. What is the units digit of d?
5
Suppose x - 44 = -49*p + 50*p, 3*x + 5*p = 164. Suppose -4*i = 2*z - 4002, -i - x*z + 44*z = -1011. What is the hundreds digit of i?
9
Suppose -24*a - 14*a + 356659 = -193733. What is the ten thousands digit of a?
1
Let t(u) = u**3 - 5*u**2 + 2*u - 14. Suppose 68*d - 73*d = -25. Let n be t(d). What is the units digit of (-9 + (-24)/n)*14/(-3)?
4
Let c be 1 + (-2)/1 - 1. Suppose -3*k = 5*r - 153, 11 = 4*k + 7. What is the tens digit of (r/4 + c)*22?
2
Let d(s) = s**3 - s + 568. Let w(r) = r**3 - 10*r**2 + 27*r - 12. Let g be w(4). What is the tens digit of d(g)?
6
Let a(w) = w**2 + 2*w - 4. Let l be a(2). Let y be 1/(-1) + 2*(l - -7). Let r = 58 + y. What is the units digit of r?
9
Let d(m) = -9*m + 37. Let c = 129 - 140. Let n be d(c). Let z = n + -104. What is the tens digit of z?
3
Let w(j) = -3*j**2 + 89*j + 24. Let i be w(30). What is the units digit of (5 + i)*(-352 + -7)?
9
Let g(n) be the second derivative of n**5/20 + 13*n**4/12 - 2*n**3 - 5*n**2 + 72*n. What is the units digit of g(-11)?
4
Suppose -4*p - 44 - 16 = 0. Let s = 640 + -630. Let j = s - p. What is the units digit of j?
5
Let s = 4086 + -681. What is the tens digit of s?
0
Let v(x) = -8*x**2 - 6*x - 4. Let n be v(-1). Let q(u) = 6*u**2 + 32. What is the hundreds digit of q(n)?
2
Suppose -66*a - 241*a = -18886333. What is the thousands digit of a?
1
Suppose -182790 = 5771*p - 5786*p. What is the tens digit of p?
8
Let c(t) = 32*t - 14. Let d(k) = 16*k - 7. Suppose -44*m + 40*m + 44 = 0. Let h(l) = m*d(l) - 6*c(l). What is the units digit of h(-4)?
1
Suppose 0 = 2*y + 4*j + 2300, 18*y - 13*y + 5805 = j. What is the hundreds digit of 10/(-30) + y/(-6)?
1
Let s(y) = y**3 - 7*y**2 + 6*y - 56. What is the tens digit of s(22)?
3
Let k be -1 + 248/5 + 12/(-20). Let o = k - 44. Let u(f) = 19*f - 3. What is the units digit of u(o)?
3
Let w(v) = 17*v + 14. Let t be w(-7). Let q(p) = 43*p**2 - p - 1. Let l be q(2). Let x = l + t. What is the tens digit of x?
6
Let b = -2 - -8. Suppose 24*r = 49*r - 4000. Let f = r + b. What is the hundreds digit of f?
1
Let d(m) = -4*m - 100. Let v be d(-27). Suppose v*l = 1436 + 4340. What is the hundreds digit of l?
7
Let j be 671 + (-9)/(-3) + -5. Suppose 3*h - 14*v + 9*v - j = 0, 5*h + 2*v - 1146 = 0. What is the units digit of h?
8
Let r(l) = -l**3 - 18*l**2 - 12*l - 6. Let b be r(-17). Let n = b - -100. What is the units digit of ((-122)/(-8))/(n/36)?
1
Let p(i) = 23*i + 107. Let o be p(-25). What is the units digit of o/(-5) - (-12)/30?
4
What is the tens digit of (309/5)/(15/450)?
5
Let f(w) = 2958*w - 4370. What is the ten thousands digit of f(11)?
2
Let x = 97 - 94. Suppose z - 2*k = 1182, 1078 + 109 = z - x*k. What is the hundreds digit of z?
1
Let b = -3967 + 8024. What is the thousands digit of b?
4
Let b be 0 + -2 + (0 - 3). Let t(h) = 2107*h - 15. Let a be t(b). What is the units digit of a/(-375) + 4/(-30)?
8
Let s be (2/(-8)*4)/(1/(-4)). What is the tens digit of (-6600)/(-35) + -2 - s/7?
8
Let w(f) = 530*f + 1132. What is the units digit of w(31)?
2
Let j(r) = -16*r**2 + 4*r - 16. Let b(l) = 46*l**2 - 12*l + 49. Let v(i) = 6*b(i) + 17*j(i). What is the units digit of v(-8)?
0
Let c(i) = -393*i + 14. Let p be c(-1). Let x = p - 187. What is the tens digit of x?
2
Let z(x) = -x**3 + 58*x**2 - 441*x + 54. What is the units digit of z(37)?
6
Let w be -2*(0 - (-3 + -1)). Let u be 8/20 - 12670/175. What is the units digit of (62/w)/(9/u)?
2
Suppose 5*a = -5*n + 31960, -55*a + 3*n = -60*a + 31970. What is the units digit of a?
7
What is the thousands digit of ((-1)/2)/(((-253687)/21140 - -9) + 3)?
1
Suppose 7*o + 12 = 54. Let v(m) = 4*m**2 - 11*m + 83. What is the units digit of v(o)?
1
Let h(j) = 2*j**3 - 10 + 6*j**2 - 11*j + 2*j**2 - 11*j + 11*j**2. What is the hundreds digit of h(-9)?
2
Let v(p) = -11*p**2 + 4*p. Let f = -80 - -82. Let o be v(f). Let r = 89 - o. What is the hundreds digit of r?
1
Suppose -3*f + 2*a + 15 = 0, -5*f - 3 + 27 = -3*a. Let v(h) = -h**3 + 4*h**2 - 15*h + 37. What is the units digit of v(f)?
1
Suppose 0 = 4*i - 9*i + 20. Suppose -3*t - i*h - 32 = -0*h, -3*h - 21 = 2*t. What is the tens digit of 52*2/t*-3?
2
Let h(p) be the third derivative of 787*p**5/60 + p**4/6 + p**3/6 - 4*p**2. What is the tens digit of h(-1)?
8
Let j be 8169 - (-16 + 7)/3. Suppose -19*z = -5793 - j. What is the hundreds digit of z?
7
Suppose 0*h = -h - 5. Let z(w) = 5*w**3 + 9*w**2 - 5*w**2 - 12*w - 6 - 10*w**2 - 11*w**3 + 5*w**3. What is the units digit of z(h)?
9
What is the tens digit of (-2)/(-8 + 6) + 6837?
3
Suppose 0 = 3*k + 4*r - 44512, -63982 + 19452 = -3*k + 5*r. What is the hundreds digit of k?
8
Suppose -9*z + 76 = -5*z. Let m(a) = -a**2 + 31*a + 79. What is the hundreds digit of m(z)?
3
Let p(f) = 18*f - 4. Suppose -4*l + 3*k = -264, -5*l + k - 3*k + 330 = 0. Let z = l + -61. What is the tens digit of p(z)?
8
Let q(x) = 763*x**2 + 44*x + 19. What is the tens digit of q(-5)?
7
Let p be (-2 + 10/6)/((-58)/(-12) + -5). Let m = -2719 - -621. What is the tens digit of m/(-14) - (p - -3)/(-35)?
5
Let a(i) = -i**3 + 2*i**2 - 2*i + 5. Let c be a(2). What is the units digit of c - 5 - (1 - 193)?
8
Let r = -4000 - 4386. Let g be r/(-22) - (-3 - (-35)/11). Suppose 0 = -5*q + 4*n - g + 1251, 2*q - 376 = -4*n. What is the tens digit of q?
7
Suppose 2*q = -0 + 12. Suppose o - q*r + 4*r = -190, -o - 169 = 5*r. Let u = 401 + o. What is the units digit of u?
7
Let b(z) = -4*z - 35. Let x be 560/(-55) - 6/(-33). Let p be b(x). Suppose -i + 35 = 4*i + 5*y, 0 = -2*i - p*y + 2. What is the tens digit of i?
1
Let a = 74 - -11. Let v be 18326/a + (-4)/(-10). Suppose v = 2*i + 4*n, -i + 3*i - 221 = -5*n. What is the tens digit of i?
9
Let o(f) = -f**3 - 25*f**2 - 41*f + 331. What is the u